t is -1 + 0 + 13 + -10 + 2 - 1?
3
-3 - 29 - -7 - -6
-19
Evaluate 3 + (1 - (-2 - -8)) - (-2 + -1).
1
43 + -9 - (60 - 27)
1
Evaluate 22 - (14 + -14 + 20).
2
Calculate 6 + -1 + -9 - (2 + 2 + -1).
-7
Evaluate (-6 - -4 - 8) + 5 + 22.
17
Evaluate 12 - (14 - 20) - 15.
3
9 - 19 - (-13 - (6 - 10)) - 4
-5
Calculate (3 - (-30 - -2)) + -202 + 192.
21
What is the value of 1 - -3 - (-12 + 75 + -48)?
-11
What is the value of -20 - (-6 - -19) - -23?
-10
What is the value of 3 + (-4 - 0 - (36 - 26))?
-11
What is the value of 34 + (-7 - (21 - 11))?
17
What is the value of (2 - (-3 + 1)) + (-163 - -166) - -8?
15
(2 - -5) + (-3 + -5 - (2 + -15))
12
What is the value of (-6 - 2) + (-14 - -4 - (15 + -12))?
-21
Evaluate (11 + 4 + -10 - 0) + -6.
-1
Calculate -7 + 1 + (-11 - -8) + 10.
1
Calculate -6 + (-8 - (-13 + -16)) + -42.
-27
Evaluate (-9 - 1 - -6 - -11) + 21.
28
What is the value of 9 + (-7 - (-13 - -3)) + -2 - 30?
-20
What is 0 + 6 - ((63 - 77) + 35)?
-15
Evaluate (0 - (8 + -6 + 21)) + 12.
-11
What is 203 - 183 - (1 + 19)?
0
Calculate (12 - 15 - -21) + -22.
-4
-1 - 11 - 1 - 0 - (-11 + 7)
-9
What is the value of (5 - 16) + 4 + (2 - (-8 + 26))?
-23
Calculate 2 - (3 + -4 - (5 - 11)).
-3
Calculate (-21 + 2 - -6) + 9.
-4
0 + -21 - (387 - 395)
-13
What is the value of -11 + (11 - (18 + -6))?
-12
What is (0 - (0 + 0)) + (-1 - (106 + -104))?
-3
What is the value of -13 + 2 - ((-9 - (3 + -7)) + 4)?
-10
Evaluate 0 - 11 - (63 - 64).
-10
What is (38 - (49 + -9)) + (1 - 15)?
-16
What is the value of (-1310 - -1313) + (0 - -6)?
9
Calculate -16 - (-14 + 29 + -15).
-16
What is the value of (-17 - 10) + 13 + -1 + -1?
-16
Calculate 20 + -10 + -7 + -3 + -1 + -5.
-6
(-26 - -16) + -3 + 15
2
What is the value of 2 - 11 - (-17 + 31)?
-23
What is the value of -12 - (0 - (8 - -2 - 5))?
-7
Evaluate 19 + -8 + -8 + 2 + (13 - 5).
13
14 - 0 - (-312 - -320)
6
Calculate -1 + (11 - 14) + 10.
6
What is the value of 7 + -9 + -9 - -6 - -4 - -7?
6
6 + ((-6 - (6 + -17)) + -12 - 3)
-4
Calculate -11 + (16 + -6 - -1) + -10.
-10
(-3 - -2) + (-40 - 10) + (10 - -3)
-38
What is -10 + 1 + (684 + -674 - (5 + 0))?
-4
Evaluate (11 - 10) + -4 + (-18 - -6) + -20.
-35
Evaluate -96 - (-104 - -53) - (-14 - 0).
-31
Calculate -165 - -167 - ((-3 - -17) + 0).
-12
Evaluate -4 + ((2 - 1) + 5 - 3).
-1
What is 26 + -20 + 0 + 3?
9
Calculate 4 + (7 - 9) + -3 + 3 + 11.
13
Evaluate -11 - (29 + -15 + -1).
-24
Evaluate 12 + (5 - 9) + 1 + -7 - 13.
-11
What is 32 - (-31 + (10 - -48))?
5
What is the value of 24 - (32 + -18) - (4 + -2)?
8
What is the value of 32 + 31 + -51 + -30?
-18
Evaluate -9 - (-1 + -12) - (2 + 0 - -7).
-5
What is the value of 0 - (1 + 6) - (-24 - (-36 - -15))?
-4
-22 + (4 + -1 - ((30 - 31) + 12))
-30
Evaluate (0 - 1 - 0) + (-370 - -371).
0
What is the value of (6 - (-19 - -13)) + 0 + (3 - 0)?
15
What is the value of -25 + 1 + (180 - 163)?
-7
-2 - (-21 + 16) - (0 - -6)
-3
What is (10 + -24 - 5) + -18 - -3?
-34
Evaluate 488 - 457 - (23 + 0).
8
What is the value of -29 + 12 + (6 - 2 - -2)?
-11
What is 9 + (46 - 18 - 39)?
-2
Evaluate 11 + -5 + -1 - 8.
-3
What is the value of -9 + 5 - 4 - 2?
-10
What is -1 + 26 + (-5 - (-1 - 2 - -6))?
17
What is -1 + 2 + (-57 - -51)?
-5
What is the value of -77 + 84 + -12 + -1?
-6
What is (12 - -34) + (-25 - 2)?
19
What is the value of -105 - -89 - (-1 - 5) - -15?
5
What is -9 + (2 - 1) - (-3 - -2)?
-7
Evaluate 4 + -11 + (-1 - (-1 + 3 + 1)).
-11
What is the value of -7 + (-12 - (2 + -14) - (0 - 3))?
-4
Calculate 0 + (44 - (11 + -2 + 5)).
30
-218 + 230 - (3 + -15 + 3)
21
What is the value of -4 + -19 + (4 - -11) + 33?
25
Calculate -2 + (6 + -1 - 1) + (851 - 832).
21
What is the value of -22 + 5 + 6 - -15?
4
Evaluate -532 + 510 - (-1 + -47).
26
Evaluate 6 - ((-1 + -2 - (10 + -17)) + 4).
-2
What is -10 + (4 - (-16 - -3)) - -9?
16
37 - 2 - (90 - 34)
-21
What is 211 + -182 - (7 - -1)?
21
Evaluate 3 + (15 - 9) - 5 - -3.
7
Calculate 4 + (1 - 4) - (13 - (11 - 9)).
-10
Calculate (693 - 697) + (-1 + 2 - -13).
10
-47 - -53 - (8 - 0)
-2
Calculate -3 - 9 - (7 - (13 + -4) - -2).
-12
Calculate 25 + -3 + 0 - (-34 - (-13 - 28)).
15
What is the value of 2 - -6 - (-7 + (43 - 14 - 18))?
4
Evaluate 41 + -28 - (15 - 3).
1
(4 - (7 + 1 + -2)) + 0 + -1
-3
-10 + 2 + 0 + -535 + 531 - 0
-12
Calculate 5 - ((-1 - -9) + (9 - 16) + -6).
10
What is -1 + 0 + -2 - (114 - 112) - 1?
-6
Evaluate -1 - -8 - (779 + -788).
16
What is the value of (-15 - 33) + 2 + 24?
-22
16 + 0 - (109 + -93)
0
(2 - 2) + 0 + 1 + -4 + -6
-9
Calculate -32 + 1 + 7 + 389 + -385.
-20
Calculate (37 - 45) + (-14 - -6).
-16
Calculate -11 - (-16 - 5) - -29 - 14.
25
Evaluate (9 + (-27 - -11) - -10) + -4.
-1
Evaluate 0 - -9 - (10 + (4 - -1) + -6).
0
Calculate 7 + 0 + 2 + (20 - (4 + 40)).
-15
What is the value of (2 + -7 - (-1 - 7)) + -2 + -9?
-8
Evaluate -6 - (6 - 28) - 3.
13
What is the value of (17 - 10 - -4) + (6 - (13 + -4))?
8
What is the value of 12 - (7 + -3 + (0 + -6 - 2))?
16
What is (0 + -12 - (19 + -3 + -17)) + -1?
-12
What is -5 - (-5 + 13 + (11 - (19 + -5)))?
-10
What is the value of (3 - 1) + -60 + 57 + -14 + 9?
-6
What is the value of -3 + 7 + (34 - 16) + -10?
12
-3 + (8 - (8 + -1)) - -10
8
What is (-52 + -16 - -34) + 4?
-30
What is (5 - 19) + -101 + 113?
-2
-7 + 1 - (-44 + 11 - -27)
0
Evaluate -36 - (-24 - 17) - -30.
35
What is -10 + 13 + 0 + 2?
5
What is -2 + 0 - (-49 + 35)?
12
Calculate -6 + -43 + 9 + 27.
-13
Evaluate -77 - -79 - (-1 - -20).
-17
0 + (-1 - -4) - (81 - 87)
9
What is the value of -47 + 47 + (2 - 0 - (1 - 6))?
7
What is the value of -9 + 19 + -7 + (62 - 47)?
18
Calculate 1 - (-11 + (1 - -10)).
1
(-3 - -1) + 32 + -18
12
Calculate -3 + (2 - (5 + (0 - (2 + 2)))).
-2
Calculate 10 + -26 + 21 + -13 + 6.
-2
Calculate 29 - (0 - 4) - (82 - 81).
32
Calculate -30 + 9 - (8 + -9).
-20
Calculate (-101 - -96) + (0 + -1 - -14) + 3.
11
What is (-25 - -49) + -22 - 30?
-28
Calculate (21 - 11 - 13) + -5.
-8
What is (-7 + 4 - -35) + -19?
13
What is the value of 1 + -2 + 9 + (-24 - (-60 - -42))?
2
23 - (-10 + 9 + 14)
10
Calculate -6 - 1 - (32 - (-36 - -61)).
-14
What is 0 - ((-2 - (0 + -1) - -2) + -2)?
1
What is the value of (-94 - -85) + 2 + -12?
-19
6 - (10 + 9 + -21)
8
Evaluate 8 - (7 + -1 - (1 - -4)).
7
Calculate (6 - 11) + 11 + -14 + 9.
1
(-28 - 0 - (-17 - -10)) + 39
18
(0 - (4 + 0)) + 11518 + -11546
-32
Evaluate -13 + -5 + 25 + -3 + -2 - -27.
29
48 + -31 - (5 - -3)
9
What is the value of (-5 - -8) + (6 - 1)?
8
-33 + 37 + -12 + -25
-33
-1 + (1 - -15) - (-24 + 7 + 22)
10
What is the value of -2 + (0 - (6 - -2)) + 9?
-1
Calculate -4 + (6 - 14) + 3.
-9
(-12 - -22) + 7 - (8 - 0)
9
What is the value of 25 + (2 - ((7 - (0 + 10)) + 6))?
24
Calculate 3 + 2 - (-50 + 34 - (-7 + 0)).
14
Calculate 26 + (26 - 34 - 21).
-3
Evaluate (26 - (23 - 6)) + -33.
-24
Calculate 1 + -16 - ((13 - -19 - 18) + -18).
-11
What is the value of -33 - (0 + -6 + (45 - 36) - 6)?
-30
5 + 1 + 7 - 9
4
What is the value of 19 - 3 - (-37 + 58)?
-5
Evaluate 3 + -4 + (0 - 5) + 6 - 10.
-10
2 - (-17 + 2) - 41
-24
What is -138 - -120 - (-17 + -7 + 4)?
2
What is (-2 - 2 - -2 - 1) + (-45 - -38)?
-10
What is the value of -12 + (-7 - (-28 + 12 - -11))?
-14
What is 5 - (6 - (-18 + 12) - 7)?
0
Evaluate -3 - ((-9 - -5) + 1 + 6).
-6
-27 - -22 - ((6 - 10 - -3) + -4)
0
Evaluate -34 - (-1 + (-49 - -16)).
0
Evaluate -105 + 105 + -12 + 0 + 3.
-9
What is (-3 - (3 - 9) - (-10 + 19)) + -1?
-7
Evaluate 17 + (70 - 86) + 7 + 2 + -1.
9
What is the value of -10 - ((9 - 7 - 12) + 15)?
-15
-8 + 6 + -3 + -2 + 5 - 2
-4
What is (-2 + -1 - 2) + 10 + -8 + -8?
-11
Calculate -7 + (183 + -137 - ((3 - -1) + 2)).
33
What is -148 + 157 + -1 + 0?
8
Evaluate 12 + -21 + 18 - (30 - (-5 + 6)).
-20
(-112 - -106) + -5 + 3 + 0
-8
Calculate (-31 - -39) + 5 + -9.
4
Evaluate 54 + -64 - (-11 - -2).
-1
(23 + -16 - 38) + 1 + 1
-29
Evaluate -30 - -56 - (-3 - -23).
6
Evaluate 5 + 0 - ((-90 - -79) + (0 - -8)).
8
Calculate 1 + 55 + (-848 - -819).
27
Calculate 9 - 34 - (-13 - 1).
-11
Evaluate (8 - 3) + 7 - (-15 - -46).
-19
Calculate 11 + (-16 - (-3 + 2) - 3) + 14.
7
What is -17 - 8 - (-7 + (4 - 3) - -2)?
-21
What is the value of -23 - -8 - (92 - 73)?
-34
What is -1715 + 1766 - (20 + -1)?
32
What is (-7 - -10 - 1 - 11) + 17?
8
Calculate 15 + 13 - 4 - 42.
-18
Calculate 19 + -32 + -4 + 14 + 1 + 1.
-1
Calculate (-20 + 18 - 4) + 1 + 